nvert 211a83 (base 13) to base 2.
10111101001111100101
What is 1011100010101001 (base 2) in base 4?
23202221
-153829 (base 13) to base 6
-15105004
2106555 (base 7) to base 12
103300
d0b71e (base 15) to base 10
9910604
What is -5550 (base 12) in base 16?
-24cc
-101411024 (base 5) to base 3
-210022110120
Convert 50163 (base 10) to base 2.
1100001111110011
Convert 920f7a (base 16) to base 9.
20008547
What is -195190 (base 10) in base 12?
-94b5a
What is -2202000120 (base 3) in base 12?
-27289
1115621 (base 8) to base 3
120100020001
What is -11245415 (base 6) in base 12?
-14986b
1160034 (base 7) to base 4
210112113
Convert -201010221012 (base 3) to base 2.
-1011100000000001100
What is 66041603 (base 7) in base 15?
76b3eb
1939950 (base 10) to base 9
3576100
What is 88012 (base 13) in base 7?
2043301
What is 4339 (base 15) in base 7?
56325
What is -1200214 (base 6) in base 14?
-189b4
2201120220 (base 3) to base 2
1101000110001110
Convert -5844110 (base 9) to base 5.
-1302040342
Convert 662306 (base 8) to base 11.
142108
51173 (base 11) to base 4
102033301
-274814 (base 9) to base 6
-3331534
1000001111 (base 3) to base 11
13900
Convert -178722 (base 10) to base 16.
-2ba22
What is -196aa8 (base 14) in base 3?
-1200211111121
-12b558 (base 13) to base 8
-1565574
Convert 122259 (base 12) to base 13.
a3b45
Convert -111233333 (base 4) to base 8.
-255777
What is 30253 (base 14) in base 9?
185650
650161 (base 8) to base 14
59225
1242035 (base 8) to base 6
11221433
Convert -2a2422 (base 11) to base 15.
-94b57
Convert -342413122 (base 5) to base 12.
-618b22
2956c (base 13) to base 4
103000012
What is -1922709 (base 11) in base 7?
-36441233
-101121201221201 (base 3) to base 7
-65654320
Convert 1faa5 (base 16) to base 7.
1050065
What is -a5148 (base 11) in base 5?
-14400423
20020120201 (base 3) to base 7
1021204
1a7c89 (base 15) to base 7
13660665
What is -2c656 (base 15) in base 11?
-98635
What is -116626340 (base 7) in base 3?
-111221001210102
38ba12 (base 12) to base 9
1671555
What is -254aa65 (base 11) in base 6?
-234434020
What is -11100110010101010011 (base 2) in base 3?
-1202221011100
What is 100010111111101001111 (base 2) in base 14?
21bc75
What is 58170ab (base 12) in base 8?
100530303
2071430 (base 9) to base 13
2cb251
What is -4b175 (base 16) in base 3?
-120121220121
255233445 (base 6) to base 8
23075745
Convert -20033b (base 15) to base 7.
-15625655
Convert -25466 (base 16) to base 2.
-100101010001100110
Convert -89e82a (base 16) to base 7.
-136551315
-35014404 (base 6) to base 9
-2018144
-a362aa (base 15) to base 13
-17bc06c
18e25 (base 16) to base 4
120320211
Convert -413022333 (base 5) to base 6.
-100111513
10000111111001010101 (base 2) to base 4
2013321111
12435372 (base 8) to base 12
b15762
What is -10be89 (base 16) in base 4?
-10023322021
What is 10111111101000010000 (base 2) in base 11?
496797
Convert -1021031003 (base 4) to base 13.
-a662b
What is 11041060 (base 7) in base 10?
951181
What is -1778678 (base 10) in base 2?
-110110010001111110110
Convert 5267775 (base 9) to base 14.
535bb9
Convert 70389 (base 11) to base 3.
12020012212
-32553401 (base 6) to base 15
-14524d
Convert -2a8835 (base 13) to base 8.
-3775200
What is -229761d (base 14) in base 12?
-563914b
-1650345 (base 7) to base 14
-600cc
Convert -179a85 (base 11) to base 9.
-461647
Convert 1110010100010111011011 (base 2) to base 4.
32110113123
What is 1417214 (base 8) in base 6?
12332352
10101101101010011001010 (base 2) to base 11
3237456
111000111110 (base 3) to base 12
104356
1202120113 (base 4) to base 2
1100010011000010111
What is -3565 (base 10) in base 9?
-4801
Convert 214446 (base 9) to base 10.
127941
What is 138039 (base 15) in base 6?
32040000
-26012256 (base 8) to base 12
-1b24666
What is 2045345 (base 7) in base 14?
65d25
Convert 1320414 (base 5) to base 10.
26359
Convert 78d1a (base 15) to base 2.
1011101110101000101
What is e272 (base 15) in base 7?
256244
d1068 (base 16) to base 15
11da2d
What is 5162063 (base 8) in base 4?
11032100303
Convert 92e1b1 (base 16) to base 10.
9626033
Convert -2641985 (base 11) to base 13.
-c40454
What is 123003213320 (base 4) in base 12?
2460708
Convert 1604e (base 16) to base 12.
4423a
1423515452 (base 6) to base 7
302031353
6933391 (base 11) to base 9
24733351
Convert 15922 (base 10) to base 2.
11111000110010
What is 211312304 (base 5) in base 3?
1122222102222
Convert -1520001 (base 7) to base 9.
-344220
-6b47c (base 15) to base 8
-1233604
-20330223132 (base 4) to base 11
-136239a
Convert -4443343 (base 5) to base 3.
-10221221220
What is 2034550 (base 6) in base 5?
11121044
Convert 30641062 (base 7) to base 6.
131155114
What is -2200112122 (base 3) in base 7?
-310115
-10110111100111010 (base 2) to base 8
-267472
Convert -32a6b (base 12) to base 11.
-4652a
Convert 232302012020 (base 4) to base 12.
4135148
3487752 (base 10) to base 8
15234010
Convert 231849 (base 10) to base 3.
102210001000
Convert -466c (base 15) to base 5.
-434302
-226a56 (base 11) to base 5
-43020031
What is 4638785 (base 9) in base 4?
21203313221
96f501 (base 16) to base 4
211233110001
What is -10120222122 (base 3) in base 7?
-413063
2113332222 (base 4) to base 16
97faa
What is -111111 (base 9) in base 16?
-1037e
-c5425b (base 13) to base 6
-242431043
Convert -11334433 (base 5) to base 14.
-2a6c2
What is -495435 (base 11) in base 6?
-24441410
-21112110000021 (base 3) to base 16
-3d1a34
Convert -2205573 (base 9) to base 8.
-4412510
2313040 (base 6) to base 10
118608
Convert 6531554 (base 8) to base 7.
20605441
Convert 112350242 (base 6) to base 14.
3c3054
Convert -23411043 (base 5) to base 12.
-a5292
What is -c44558 (base 15) in base 2?
-100011100101110000101100
211223032 (base 4) to base 9
254614
21e00 (base 15) to base 2
11010010011111111
What is -3121241 (base 6) in base 4?
-210301321
What is 1100111000010000 (base 2) in base 9?
80323
-2655081 (base 10) to base 5
-1134430311
-111201422 (base 5) to base 7
-4113041
What is -131223011 (base 5) in base 11?
-403261
Convert -c6005f (base 16) to base 12.
-441947b
Convert -11001001000110100100101 (base 2) to base 6.
-353124005
What is 11112101210 (base 3) in base 6?
1525033
What is -1014501522 (base 6) in base 11?
-5a79636
-143012 (base 5) to base 2
-1011101110111
What is -2200110011211 (base 3) in base 9?
-2613154
Convert 147b670 (base 12) to base 7.
50146455
Convert a3497 (base 11) to base 16.
24dd1
Convert -100022121202 (base 3) to base 8.
-546207
Convert c53c1 (base 15) to base 2.
10011000101001001111
What is -970a2 (base 11) in base 12?
-69866
What is -4d3187 (base 14) in base 7?
-31413630
Convert -121112022220 (base 3) to base 16.
-4f6fe
Convert -1000010201022100 (base 3) to base 14.
-1cb5bb2
Convert 4312523 (base 6) to base 12.
a2743
-87717 (base 12) to base 7
-1343620
-41ab0d (base 15) to base 5
-1244434423
Convert 1021345 (base 6) to base 2.
1100000111000001
45589c (base 13) to base 8
6203773
What is -33030333010 (base 4) in base 9?
-7443774
What is 215143511 (base 7) in base 14?
1a184b1
Convert 178197 (base 10) to base 3.
100001102220
What is 8537b (base 15) in base 14?
b0066
ac49 (base 13) to base 3
1020000002
Convert -316d9 (base 16) to base 6.
-4201145
What is -1c5364 (base 13) in base 9?
-1325301
Convert 1ddb (base 15) to base 10.
6506
What is -280b8 (base 14) in base 11?
-68381
11212102021 (base 3) to base 2
10111011000111011
Convert -603532 (base 8) to base 4.
-300131122
30125532 (base 8) to base 7
104564220
-12222012101 (base 3) to base 5
-12230024
Convert -32315154 (base 6) to base 8.
-3520656
What is 230140401 (base 6) in base 16?
4045b1
Convert 1b1219a (base 12) to base 15.
787eca
Convert -abb48 (base 13) to base 4.
-1030012100
-200121200 (base 5) to base 7
-6451651
What is 528441 (base 9) in base 7?
2450041
What is 13b7281 (base 13) in base 5?
3101130211
What is -1110100110111 (base 2) in base 10?
-7479
Convert 20603120 (base 9) to base 5.
10020010033
Convert 140340340 (base 6) to base 2.
1010110010011011100100
-15336044 (base 7) to base 3
-2202202112002
299309 (base 13) to base 14
1c799a
What is -100011101 (base 5) in base 10?
-391401
-99789 (base 11) to base 14
-3aa32
What is 2307eb (base 15) in base 10?
1672421
30336323 (base 8) to base 13
143364a
1010331032 (base 4) to base 2
1000100111101001110